{"id":2,"date":"2010-08-07T00:22:54","date_gmt":"2010-08-07T00:22:54","guid":{"rendered":"http:\/\/localhost\/wordpress\/?page_id=2"},"modified":"2018-09-20T14:27:50","modified_gmt":"2018-09-20T17:27:50","slug":"acerca-de","status":"publish","type":"page","link":"https:\/\/www.blancoladrillos.com.ar\/?page_id=2","title":{"rendered":"Quienes somos ?"},"content":{"rendered":"<h3>Rese\u00f1a Hist\u00f3rica<\/h3>\n<p>Nuestra actividad comienza en el a\u00f1o<strong> 1970<\/strong> y a fines del a\u00f1o <strong>1980<\/strong> instalamos una F\u00e1brica de Ladrillos que comienza a operar desde Balcarce hacia toda la costa atl\u00e1ntica (Necochea, Miramar, Mar del Plata, etc.) Capital Federal\u00a0 y tambi\u00e9n al interior del Pa\u00eds en la zona sur.<\/p>\n<div style=\"width: 390px\" class=\"wp-caption aligncenter\"><img decoding=\"async\" loading=\"lazy\" title=\"Nuestra empresa...\" src=\"\/wp-content\/imagesweb\/home_w.jpg\" alt=\"Nuestra empresa...\" width=\"380\" height=\"240\" \/><p class=\"wp-caption-text\">Blanco Ladrillos...<\/p><\/div>\n<p>Con el tiempo esta actividad se fue afianzando y creciendo en el volumen de fabricaci\u00f3n y ventas, mejorando su calidad d\u00eda a d\u00eda y ganando un prestigio en el mercado debido a la trayectoria y seriedad de la firma.<\/p>\n<p>Actualmente fabricamos y ofrecemos los <strong>siguientes productos<\/strong>:<\/p>\n<ul>\n<li>Ladrillo Vista Mar del Plata<\/li>\n<li>Ladrillos Media Vista<\/li>\n<li>Ladrillos Comunes<\/li>\n<li>Ladrillos para Pisos<\/li>\n<li>Liston Frente<\/li>\n<li>Bastones<\/li>\n<\/ul>\n<div style=\"width: 390px\" class=\"wp-caption aligncenter\"><img decoding=\"async\" loading=\"lazy\" title=\"Nuestra empresa...\" src=\"\/wp-content\/imagesweb\/home2_w.jpg\" alt=\"Nuestra empresa...\" width=\"380\" height=\"240\" \/><p class=\"wp-caption-text\">Blanco Ladrillos...<\/p><\/div>\n<hr \/>\n<h4>\u00bfCOMO LLEGAR ?<\/h4>\n<p><iframe loading=\"lazy\" src=\"https:\/\/www.google.com\/maps\/d\/u\/1\/embed?mid=1QbvFWclumyVyCuou7NUA1JGbmsk\" width=\"600\" height=\"440\"><\/iframe><\/p>\n<hr \/>\n<h3>Carlos Blanco<br \/>\nF\u00e1brica de Ladrillos<\/h3>\n<p>Direcci\u00f3n: Ruta 55 Km 67.5\u00a0 (7620) Balcarce<br \/>\nCelular: 02266 &#8211; 15 639068<br \/>\nT\u00e9lefono \/ Fax:\u00a0 02266 &#8211; 424483<br \/>\nEmail: <a href=\"mailto:marcelo@blancoladrillos.com.ar\">marcelo@blancoladrillos.com.ar<\/a><\/p>\n","protected":false},"excerpt":{"rendered":"<p>Rese\u00f1a Hist\u00f3rica Nuestra actividad comienza en el a\u00f1o 1970 y a fines del a\u00f1o 1980 instalamos una F\u00e1brica de Ladrillos que comienza a operar desde Balcarce hacia toda la costa atl\u00e1ntica (Necochea, Miramar, Mar del Plata, etc.) Capital Federal\u00a0 y tambi\u00e9n al interior del Pa\u00eds en la zona sur. Con el tiempo esta actividad se [&hellip;]<\/p>\n","protected":false},"author":6667,"featured_media":0,"parent":0,"menu_order":0,"comment_status":"closed","ping_status":"closed","template":"","meta":{"footnotes":""},"_links":{"self":[{"href":"https:\/\/www.blancoladrillos.com.ar\/index.php?rest_route=\/wp\/v2\/pages\/2"}],"collection":[{"href":"https:\/\/www.blancoladrillos.com.ar\/index.php?rest_route=\/wp\/v2\/pages"}],"about":[{"href":"https:\/\/www.blancoladrillos.com.ar\/index.php?rest_route=\/wp\/v2\/types\/page"}],"author":[{"embeddable":true,"href":"https:\/\/www.blancoladrillos.com.ar\/index.php?rest_route=\/wp\/v2\/users\/6667"}],"replies":[{"embeddable":true,"href":"https:\/\/www.blancoladrillos.com.ar\/index.php?rest_route=%2Fwp%2Fv2%2Fcomments&post=2"}],"version-history":[{"count":23,"href":"https:\/\/www.blancoladrillos.com.ar\/index.php?rest_route=\/wp\/v2\/pages\/2\/revisions"}],"predecessor-version":[{"id":227,"href":"https:\/\/www.blancoladrillos.com.ar\/index.php?rest_route=\/wp\/v2\/pages\/2\/revisions\/227"}],"wp:attachment":[{"href":"https:\/\/www.blancoladrillos.com.ar\/index.php?rest_route=%2Fwp%2Fv2%2Fmedia&parent=2"}],"curies":[{"name":"wp","href":"https:\/\/api.w.org\/{rel}","templated":true}]}}